{"id":588,"date":"2024-11-04T17:51:06","date_gmt":"2024-11-04T17:51:06","guid":{"rendered":"http:\/\/permanentnaformacia.sk\/?page_id=588"},"modified":"2026-03-04T20:43:04","modified_gmt":"2026-03-04T20:43:04","slug":"zborniky","status":"publish","type":"page","link":"http:\/\/permanentnaformacia.sk\/index.php\/zborniky\/","title":{"rendered":"ZBORN\u00cdKY"},"content":{"rendered":"\n<p class=\"has-medium-font-size\">ROK 2023<\/p>\n\n\n\n<div class=\"wp-block-columns is-layout-flex wp-container-core-columns-is-layout-9d6595d7 wp-block-columns-is-layout-flex\">\n<div class=\"wp-block-column is-layout-flow wp-block-column-is-layout-flow\" style=\"flex-basis:100%\">\n<div data-wp-interactive=\"core\/file\" class=\"wp-block-file aligncenter\"><object data-wp-bind--hidden=\"!state.hasPdfPreview\" hidden class=\"wp-block-file__embed\" data=\"http:\/\/permanentnaformacia.sk\/wp-content\/uploads\/2026\/01\/Zbornik-Permanentna-formacia-I_2023.pdf\" type=\"application\/pdf\" style=\"width:100%;height:600px\" aria-label=\"Embed of Embed of &lt;a href=&quot;http:\/\/permanentnaformacia.sk\/wp-content\/uploads\/2024\/11\/PROCES-PERMANENTNEJ-FORMACIE-ABSOLVENTOV-TEOLOGIE-AKO-SUCAST-CELOZIVOTNEHO-VZDELAVANIA-II.-.pdf&quot;&gt;PROCES-PERMANENTNEJ-FORMACIE-ABSOLVENTOV-TEOLOGIE-AKO-SUCAST-CELOZIVOTNEHO-VZDELAVANIA-I.-&lt;\/a&gt;..\"><\/object><a href=\"http:\/\/permanentnaformacia.sk\/wp-content\/uploads\/2026\/01\/Zbornik-Permanentna-formacia-I_2023.pdf\"><a href=\"http:\/\/permanentnaformacia.sk\/wp-content\/uploads\/2024\/11\/PROCES-PERMANENTNEJ-FORMACIE-ABSOLVENTOV-TEOLOGIE-AKO-SUCAST-CELOZIVOTNEHO-VZDELAVANIA-II.-.pdf\">PROCES-PERMANENTNEJ-FORMACIE-ABSOLVENTOV-TEOLOGIE-AKO-SUCAST-CELOZIVOTNEHO-VZDELAVANIA-I.-<\/a><\/a><a href=\"http:\/\/permanentnaformacia.sk\/wp-content\/uploads\/2026\/01\/Zbornik-Permanentna-formacia-I_2023.pdf\" class=\"wp-block-file__button\" download> STIAHNU\u0164 <\/a><\/div>\n<\/div>\n<\/div>\n\n\n\n<hr class=\"wp-block-separator has-text-color has-black-color has-css-opacity has-black-background-color has-background is-style-wide\"\/>\n\n\n\n<p class=\"has-medium-font-size\">ROK 2024<\/p>\n\n\n\n<p>Publik\u00e1cia v r\u00e1mci projektu KEGA \u010d. 003PU-4\/2023<\/p>\n\n\n\n<div class=\"wp-block-columns is-layout-flex wp-container-core-columns-is-layout-9d6595d7 wp-block-columns-is-layout-flex\">\n<div class=\"wp-block-column is-layout-flow wp-block-column-is-layout-flow\">\n<div data-wp-interactive=\"core\/file\" class=\"wp-block-file aligncenter\"><object data-wp-bind--hidden=\"!state.hasPdfPreview\" hidden class=\"wp-block-file__embed\" data=\"http:\/\/permanentnaformacia.sk\/wp-content\/uploads\/2026\/01\/Zbornik-Permanentna-formacia-II_2024.pdf\" type=\"application\/pdf\" style=\"width:100%;height:600px\" aria-label=\"Embed of Embed of &lt;a href=&quot;http:\/\/permanentnaformacia.sk\/wp-content\/uploads\/2024\/11\/PROCES-PERMANENTNEJ-FORMACIE-ABSOLVENTOV-TEOLOGIE-AKO-SUCAST-CELOZIVOTNEHO-VZDELAVANIA-II.-.pdf&quot;&gt;PROCES-PERMANENTNEJ-FORMACIE-ABSOLVENTOV-TEOLOGIE-AKO-SUCAST-CELOZIVOTNEHO-VZDELAVANIA-II.-&lt;\/a&gt;..\"><\/object><a href=\"http:\/\/permanentnaformacia.sk\/wp-content\/uploads\/2026\/01\/Zbornik-Permanentna-formacia-II_2024.pdf\"><a href=\"http:\/\/permanentnaformacia.sk\/wp-content\/uploads\/2024\/11\/PROCES-PERMANENTNEJ-FORMACIE-ABSOLVENTOV-TEOLOGIE-AKO-SUCAST-CELOZIVOTNEHO-VZDELAVANIA-II.-.pdf\">PROCES-PERMANENTNEJ-FORMACIE-ABSOLVENTOV-TEOLOGIE-AKO-SUCAST-CELOZIVOTNEHO-VZDELAVANIA-II.-<\/a><\/a><a href=\"http:\/\/permanentnaformacia.sk\/wp-content\/uploads\/2026\/01\/Zbornik-Permanentna-formacia-II_2024.pdf\" class=\"wp-block-file__button\" download> STIAHNU\u0164 <\/a><\/div>\n<\/div>\n<\/div>\n\n\n\n<hr class=\"wp-block-separator has-text-color has-black-color has-css-opacity has-black-background-color has-background alignwide is-style-wide\"\/>\n\n\n\n<p class=\"has-medium-font-size\">ROK 2025<\/p>\n\n\n\n<div class=\"wp-block-columns is-layout-flex wp-container-core-columns-is-layout-9d6595d7 wp-block-columns-is-layout-flex\">\n<div class=\"wp-block-column is-layout-flow wp-block-column-is-layout-flow\" style=\"flex-basis:100%\">\n<div class=\"wp-block-columns is-layout-flex wp-container-core-columns-is-layout-9d6595d7 wp-block-columns-is-layout-flex\">\n<div class=\"wp-block-column is-layout-flow wp-block-column-is-layout-flow\" style=\"flex-basis:100%\">\n<div data-wp-interactive=\"core\/file\" class=\"wp-block-file aligncenter\"><object data-wp-bind--hidden=\"!state.hasPdfPreview\" hidden class=\"wp-block-file__embed\" data=\"http:\/\/permanentnaformacia.sk\/wp-content\/uploads\/2026\/03\/Zbornik_Permanentna-formacia-III.pdf\" type=\"application\/pdf\" style=\"width:100%;height:600px\" aria-label=\"Embed of PROCES-PERMANENTNEJ-FORMACIE-ABSOLVENTOV-TEOLOGIE-AKO-SUCAST-CELOZIVOTNEHO-VZDELAVANIA-III.\"><\/object><a id=\"wp-block-file--media-2295ad50-4555-45ce-8e51-e4b02ef18928\" href=\"http:\/\/permanentnaformacia.sk\/wp-content\/uploads\/2026\/03\/Zbornik_Permanentna-formacia-III.pdf\">PROCES-PERMANENTNEJ-FORMACIE-ABSOLVENTOV-TEOLOGIE-AKO-SUCAST-CELOZIVOTNEHO-VZDELAVANIA-III<\/a><a href=\"http:\/\/permanentnaformacia.sk\/wp-content\/uploads\/2026\/03\/Zbornik_Permanentna-formacia-III.pdf\" class=\"wp-block-file__button wp-element-button\" download aria-describedby=\"wp-block-file--media-2295ad50-4555-45ce-8e51-e4b02ef18928\">STIAHNU\u0164<\/a><\/div>\n<\/div>\n<\/div>\n<\/div>\n<\/div>\n","protected":false},"excerpt":{"rendered":"<p>ROK 2023 ROK 2024 Publik\u00e1cia v r\u00e1mci projektu KEGA \u010d. 003PU-4\/2023 ROK 2025<\/p>\n","protected":false},"author":1,"featured_media":0,"parent":0,"menu_order":0,"comment_status":"closed","ping_status":"closed","template":"","meta":{"footnotes":""},"class_list":["post-588","page","type-page","status-publish","hentry"],"uagb_featured_image_src":{"full":false,"thumbnail":false,"medium":false,"medium_large":false,"large":false,"1536x1536":false,"2048x2048":false,"featured-blog-large":false,"featured-blog-medium":false,"featured":false,"featured-blog-medium-small":false},"uagb_author_info":{"display_name":"RobertMacej","author_link":"http:\/\/permanentnaformacia.sk\/index.php\/author\/robertmacej\/"},"uagb_comment_info":0,"uagb_excerpt":"ROK 2023 ROK 2024 Publik\u00e1cia v r\u00e1mci projektu KEGA \u010d. 003PU-4\/2023 ROK 2025","_links":{"self":[{"href":"http:\/\/permanentnaformacia.sk\/index.php\/wp-json\/wp\/v2\/pages\/588","targetHints":{"allow":["GET"]}}],"collection":[{"href":"http:\/\/permanentnaformacia.sk\/index.php\/wp-json\/wp\/v2\/pages"}],"about":[{"href":"http:\/\/permanentnaformacia.sk\/index.php\/wp-json\/wp\/v2\/types\/page"}],"author":[{"embeddable":true,"href":"http:\/\/permanentnaformacia.sk\/index.php\/wp-json\/wp\/v2\/users\/1"}],"replies":[{"embeddable":true,"href":"http:\/\/permanentnaformacia.sk\/index.php\/wp-json\/wp\/v2\/comments?post=588"}],"version-history":[{"count":21,"href":"http:\/\/permanentnaformacia.sk\/index.php\/wp-json\/wp\/v2\/pages\/588\/revisions"}],"predecessor-version":[{"id":783,"href":"http:\/\/permanentnaformacia.sk\/index.php\/wp-json\/wp\/v2\/pages\/588\/revisions\/783"}],"wp:attachment":[{"href":"http:\/\/permanentnaformacia.sk\/index.php\/wp-json\/wp\/v2\/media?parent=588"}],"curies":[{"name":"wp","href":"https:\/\/api.w.org\/{rel}","templated":true}]}}